{"id":191,"date":"2021-05-28T17:27:51","date_gmt":"2021-05-28T17:27:51","guid":{"rendered":"http:\/\/oselbooks.com\/?page_id=191"},"modified":"2021-05-28T17:27:51","modified_gmt":"2021-05-28T17:27:51","slug":"new-les-annees-noires","status":"publish","type":"page","link":"http:\/\/oselbooks.com\/?page_id=191","title":{"rendered":"New &#8211; LES ANN\u00c9ES NOIRES"},"content":{"rendered":"\n<h1 class=\"wp-block-heading\">Les ann\u00e9es noires <\/h1>\n\n\n\n<p class=\"has-medium-font-size\">Roland Baudet<\/p>\n\n\n\n<div class=\"wp-block-columns has-2-columns is-layout-flex wp-container-3\">\n<div class=\"wp-block-column is-layout-flow\">\n<figure class=\"wp-block-image\"><img data-attachment-id=\"30\" data-permalink=\"http:\/\/oselbooks.com\/?attachment_id=30\" data-orig-file=\"https:\/\/i1.wp.com\/oselbooks.com\/wp-content\/uploads\/2016\/08\/Les-annees-noires-cvr-shad.jpg?fit=1992%2C2913\" data-orig-size=\"1992,2913\" data-comments-opened=\"0\" data-image-meta=\"{&quot;aperture&quot;:&quot;0&quot;,&quot;credit&quot;:&quot;&quot;,&quot;camera&quot;:&quot;&quot;,&quot;caption&quot;:&quot;&quot;,&quot;created_timestamp&quot;:&quot;0&quot;,&quot;copyright&quot;:&quot;&quot;,&quot;focal_length&quot;:&quot;0&quot;,&quot;iso&quot;:&quot;0&quot;,&quot;shutter_speed&quot;:&quot;0&quot;,&quot;title&quot;:&quot;&quot;,&quot;orientation&quot;:&quot;1&quot;}\" data-image-title=\"Les annees noires cvr shad\" data-image-description=\"\" data-medium-file=\"https:\/\/i1.wp.com\/oselbooks.com\/wp-content\/uploads\/2016\/08\/Les-annees-noires-cvr-shad.jpg?fit=205%2C300\" data-large-file=\"https:\/\/i1.wp.com\/oselbooks.com\/wp-content\/uploads\/2016\/08\/Les-annees-noires-cvr-shad.jpg?fit=474%2C693\" decoding=\"async\" loading=\"lazy\" width=\"474\" height=\"693\" src=\"https:\/\/i1.wp.com\/oselbooks.com\/wp-content\/uploads\/2016\/08\/Les-annees-noires-cvr-shad.jpg?resize=474%2C693\" alt=\"\" class=\"wp-image-30\" srcset=\"https:\/\/i1.wp.com\/oselbooks.com\/wp-content\/uploads\/2016\/08\/Les-annees-noires-cvr-shad.jpg?resize=700%2C1024 700w, https:\/\/i1.wp.com\/oselbooks.com\/wp-content\/uploads\/2016\/08\/Les-annees-noires-cvr-shad.jpg?resize=205%2C300 205w, https:\/\/i1.wp.com\/oselbooks.com\/wp-content\/uploads\/2016\/08\/Les-annees-noires-cvr-shad.jpg?resize=768%2C1123 768w, https:\/\/i1.wp.com\/oselbooks.com\/wp-content\/uploads\/2016\/08\/Les-annees-noires-cvr-shad.jpg?resize=1200%2C1755 1200w, https:\/\/i1.wp.com\/oselbooks.com\/wp-content\/uploads\/2016\/08\/Les-annees-noires-cvr-shad.jpg?w=1992 1992w, https:\/\/i1.wp.com\/oselbooks.com\/wp-content\/uploads\/2016\/08\/Les-annees-noires-cvr-shad.jpg?w=948 948w, https:\/\/i1.wp.com\/oselbooks.com\/wp-content\/uploads\/2016\/08\/Les-annees-noires-cvr-shad.jpg?w=1422 1422w\" sizes=\"(max-width: 474px) 100vw, 474px\" data-recalc-dims=\"1\" \/><\/figure>\n<\/div>\n\n\n\n<div class=\"wp-block-column is-layout-flow\">\n<p><a href=\"http:\/\/www.amazon.com\/Les-Annes-Noires-French-Edition\/dp\/0979057345\/ref=sr_1_fkmr2_1?ie=UTF8&amp;qid=1395018782&amp;sr=8-1-fkmr2&amp;keywords=les+annees+noires+roland+baudet\">\ufeffORDER<\/a><\/p>\n\n\n\n<p><strong>ISBN:<\/strong>  978-0-9790573-3-5 <\/p>\n\n\n\n<p><strong>Price:<\/strong>  $14.00 <\/p>\n\n\n\n<p><strong>Date:<\/strong>  2010  <strong> <\/strong><\/p>\n\n\n\n<p><strong>Format:<\/strong> Softcover 228 pgs 5.5&#8243; x 8.5&#8243;<\/p>\n<\/div>\n<\/div>\n\n\n\n<p><em>Mon p\u00e8re commen\u00e7a \u00e0 me raconter ces histoires alors que j\u2019avais quinze ans, d\u2019abord de fa\u00e7on d\u00e9cousue, une suite d\u2019histoires et d\u2019anecdotes o\u00f9 se m\u00e9langeaient le tragique et le comique.<\/em><\/p>\n\n\n\n<p>Il y a maintenant vingt ans, alors que mon p\u00e8re recommen\u00e7ait \u00e0 me raconter, pour la \u00e9ni\u00e8me fois, les m\u00eames r\u00e9cits ; je lui dis tout d\u2019un coup : \u00ab Pourquoi tu n\u2019\u00e9crirais pas tout cela ? Tu me racontes, c\u2019est bien beau, mais je ne me souviendrai pas de tout, alors que si tu \u00e9cris, il restera une trace. \u00bb<\/p>\n\n\n\n<p>B\u00e9n\u00e9ficiant d\u2019une tr\u00e8s bonne m\u00e9moire et d\u2019un bon trait de plume, mon p\u00e8re se mit a \u00e9crire \u00e0 la main sur un, puis deux, cahiers d\u2019\u00e9colier cette chronique o\u00f9 les habitants du quartier de Bas Pian, hameau de Pian sur Garonne (Gironde), travers\u00e9 par la route nationale Bordeaux\u2013Toulouse, \u00e0 proximit\u00e9 de la voie de chemin de fer Bordeaux\u2013Marseille et en bordure de la Garonne, se trouv\u00e8rent brutalement pris entre deux zones, entre deux Frances.<\/p>\n\n\n\n<p>Mon p\u00e8re est d\u00e9c\u00e9d\u00e9 le 22 novembre 2007. Jusqu\u2019\u00e0 la veille de sa mort, il a toujours racont\u00e9, avec lucidit\u00e9 et sans exag\u00e9ration, les anecdotes qui \u00e9maill\u00e8rent la vie des habitants de ce quartier pendant ces heures sombres.<\/p>\n\n\n\n<p>Jo\u00ebl Baudet<\/p>\n\n\n\n<p><a href=\"http:\/\/www.sudouest.fr\/2010\/05\/20\/l-occupation-relatee-par-roland-baudet-96905-3131.php\" target=\"_blank\" rel=\"noreferrer noopener\">L&#8217;annonce du livre dans le journal Sud Ouest<\/a><\/p>\n\n\n\n<p><a href=\"index.php?option=com_content&amp;view=article&amp;id=24&amp;catid=2\">Lancement officiel du livre<\/a><\/p>\n\n\n\n<figure class=\"wp-block-image\"><img data-attachment-id=\"104\" data-permalink=\"http:\/\/oselbooks.com\/?attachment_id=104\" data-orig-file=\"https:\/\/i1.wp.com\/oselbooks.com\/wp-content\/uploads\/2016\/11\/Les-annees-noires-backcvrphoto.jpg?fit=935%2C1008\" data-orig-size=\"935,1008\" data-comments-opened=\"0\" data-image-meta=\"{&quot;aperture&quot;:&quot;0&quot;,&quot;credit&quot;:&quot;&quot;,&quot;camera&quot;:&quot;&quot;,&quot;caption&quot;:&quot;&quot;,&quot;created_timestamp&quot;:&quot;0&quot;,&quot;copyright&quot;:&quot;&quot;,&quot;focal_length&quot;:&quot;0&quot;,&quot;iso&quot;:&quot;0&quot;,&quot;shutter_speed&quot;:&quot;0&quot;,&quot;title&quot;:&quot;&quot;,&quot;orientation&quot;:&quot;1&quot;}\" data-image-title=\"les-annees-noires-backcvrphoto\" data-image-description=\"\" data-medium-file=\"https:\/\/i1.wp.com\/oselbooks.com\/wp-content\/uploads\/2016\/11\/Les-annees-noires-backcvrphoto.jpg?fit=278%2C300\" data-large-file=\"https:\/\/i1.wp.com\/oselbooks.com\/wp-content\/uploads\/2016\/11\/Les-annees-noires-backcvrphoto.jpg?fit=474%2C511\" decoding=\"async\" loading=\"lazy\" width=\"278\" height=\"300\" src=\"https:\/\/i1.wp.com\/oselbooks.com\/wp-content\/uploads\/2016\/11\/Les-annees-noires-backcvrphoto.jpg?resize=278%2C300\" alt=\"les-annees-noires-backcvrphoto\" class=\"wp-image-104\" srcset=\"https:\/\/i1.wp.com\/oselbooks.com\/wp-content\/uploads\/2016\/11\/Les-annees-noires-backcvrphoto.jpg?resize=278%2C300 278w, https:\/\/i1.wp.com\/oselbooks.com\/wp-content\/uploads\/2016\/11\/Les-annees-noires-backcvrphoto.jpg?resize=768%2C828 768w, https:\/\/i1.wp.com\/oselbooks.com\/wp-content\/uploads\/2016\/11\/Les-annees-noires-backcvrphoto.jpg?w=935 935w\" sizes=\"(max-width: 278px) 100vw, 278px\" data-recalc-dims=\"1\" \/><\/figure>\n\n\n\n<p>Roland Baudet, d\u00e9c\u00e9d\u00e9 en 2007, \u00e9tait un viticulteur dans la Gironde qui avait le don de raconter les anecdotes qui \u00e9maill\u00e8rent la vie des gens qu\u2019il rencontrait.<\/p>\n","protected":false},"excerpt":{"rendered":"<p>Les ann\u00e9es noires Roland Baudet \ufeffORDER ISBN: 978-0-9790573-3-5 Price: $14.00 Date: 2010 Format: Softcover 228 pgs 5.5&#8243; x 8.5&#8243; Mon p\u00e8re commen\u00e7a \u00e0 me raconter ces histoires alors que j\u2019avais quinze ans, d\u2019abord de fa\u00e7on d\u00e9cousue, une suite d\u2019histoires et d\u2019anecdotes o\u00f9 se m\u00e9langeaient le tragique et le comique. Il y a maintenant vingt ans, &hellip; <a href=\"http:\/\/oselbooks.com\/?page_id=191\" class=\"more-link\">Continue reading <span class=\"screen-reader-text\">New &#8211; LES ANN\u00c9ES NOIRES<\/span> <span class=\"meta-nav\">&rarr;<\/span><\/a><\/p>\n","protected":false},"author":1,"featured_media":0,"parent":0,"menu_order":0,"comment_status":"closed","ping_status":"closed","template":"","meta":{"spay_email":""},"jetpack_sharing_enabled":true,"_links":{"self":[{"href":"http:\/\/oselbooks.com\/index.php?rest_route=\/wp\/v2\/pages\/191"}],"collection":[{"href":"http:\/\/oselbooks.com\/index.php?rest_route=\/wp\/v2\/pages"}],"about":[{"href":"http:\/\/oselbooks.com\/index.php?rest_route=\/wp\/v2\/types\/page"}],"author":[{"embeddable":true,"href":"http:\/\/oselbooks.com\/index.php?rest_route=\/wp\/v2\/users\/1"}],"replies":[{"embeddable":true,"href":"http:\/\/oselbooks.com\/index.php?rest_route=%2Fwp%2Fv2%2Fcomments&post=191"}],"version-history":[{"count":2,"href":"http:\/\/oselbooks.com\/index.php?rest_route=\/wp\/v2\/pages\/191\/revisions"}],"predecessor-version":[{"id":194,"href":"http:\/\/oselbooks.com\/index.php?rest_route=\/wp\/v2\/pages\/191\/revisions\/194"}],"wp:attachment":[{"href":"http:\/\/oselbooks.com\/index.php?rest_route=%2Fwp%2Fv2%2Fmedia&parent=191"}],"curies":[{"name":"wp","href":"https:\/\/api.w.org\/{rel}","templated":true}]}}